{"id":26,"date":"2013-08-11T06:33:10","date_gmt":"2013-08-11T06:33:10","guid":{"rendered":"https:\/\/seb04.be\/wp2018mm\/football\/"},"modified":"2023-01-08T22:42:18","modified_gmt":"2023-01-08T21:42:18","slug":"football","status":"publish","type":"page","link":"https:\/\/seempleetoo.be\/aware\/index.php\/football\/","title":{"rendered":"Football"},"content":{"rendered":"<p>Situation en 2016<\/p>\n<p>Tous les scores en live: http:\/\/www.livescore.com\/ (Plus direct)<br \/>\nhttp:\/\/www.flashresultats.fr\/ &#8211; http:\/\/www.footendirect.com\/ (Plus d&rsquo;info)<br \/>\nFootball &#8211; tous les goals en video: http:\/\/lasthl.com\/ &#8211; http:\/\/www.okgoals.com\/ &#8211; http:\/\/www.goalsarena.org\/en\/ &#8211; http:\/\/www.footytube.com\/ &#8211; http:\/\/www.proximus11.be\/fr\/ (MS)<br \/>\nNews des joueurs: https:\/\/www.facebook.com\/BelgianPlayersAbroad\/timeline (EN) &#8211; http:\/\/www.voetbalnieuws.be\/ (NL)<br \/>\nhttp:\/\/footmania.forumgratuit.be\/portal (FR)<\/p>\n<p><b>Belges \u00e0 l&rsquo;\u00e9tranger et leurs clubs &#8211; focus sur les (ex-)diables rouges (potentiels \ud83d\ude42<\/b><\/p>\n<table  class=\" table table-hover\" border=\"1\">\n<tbody>\n<tr align=\"center\">\n<td>Page du club<\/td>\n<td>Joueurs belges<\/td>\n<td>Comptes officiels et quelques sites li\u00e9s<\/td>\n<\/tr>\n<tr align=\"center\">\n<td>Angleterre &#8211; Premier League<\/td>\n<td>\n<p align=\"center\"><a href=\"http:\/\/www.bbc.com\/sport\/football\/tables\">Classement<\/a><\/p>\n<p><a href=\"http:\/\/www.espnfc.com\/barclays-premier-league\/23\/statistics\/assists\">Scorers &amp; Assists<\/a><\/p>\n<\/td>\n<td>\n<p align=\"center\"><a href=\"http:\/\/www.bbc.com\/sport\/football\/premier-league\/results\">R\u00e9sultats<\/a><\/p>\n<p><a href=\"http:\/\/www.premierleague.com\/en-gb\/players\/ea-sports-player-performance-index.html\">EA index<\/a><\/p>\n<\/td>\n<\/tr>\n<tr align=\"center\">\n<td><a href=\"http:\/\/www.francais.manutd.com\/\">Manchester United<\/a><\/td>\n<td><a href=\"https:\/\/twitter.com\/fellainiM\">Marouane Fellaini<\/a>, <a href=\"https:\/\/twitter.com\/indinhio\">Indy Boonen<\/a>, <a href=\"https:\/\/twitter.com\/adnanjanuzaj\">Adnan Januzaj (en pr\u00eat \u00e0 Sunderland AFC en 2016-2017)<\/a><\/td>\n<td><a href=\"https:\/\/twitter.com\/ManUtd\">ManUtd @ Twitter<\/a>, <a href=\"http:\/\/www.redcafe.net\/\">Red Cafe<\/a><\/td>\n<\/tr>\n<tr align=\"center\">\n<td><a href=\"http:\/\/www.mcfc.co.uk\/\">Manchester City<\/a><\/td>\n<td><a href=\"https:\/\/twitter.com\/DeBruyneKev\">Kevin De Bruyne<\/a>, <a href=\"https:\/\/twitter.com\/VincentKompany\">Vincent Kompany<\/a>, <a href=\"https:\/\/twitter.com\/Jasondenayer\">Jason Denayer (pr\u00eat \u00e0 Sunderland en 2016-2017 \u00e0 confirmer)<\/a><\/td>\n<td><a href=\"https:\/\/twitter.com\/MCFC\">MCFC @ Twitter<\/a>, <a href=\"http:\/\/forums.bluemoon-mcfc.co.uk\/\">BlueMoon<\/a>, <a href=\"http:\/\/www.youtube.com\/user\/mcfcofficial\">MCFC@Youtube<\/a>, <a href=\"http:\/\/www.mcfc.co.uk\/fans\/fan-sites\">MCFC fan sites<\/a>,<\/td>\n<\/tr>\n<tr align=\"center\">\n<td><a href=\"http:\/\/www.chelseafc.com\/\">Chelsea<\/a><\/td>\n<td><a href=\"https:\/\/twitter.com\/hazardeden10\">Eden Hazard<\/a>, <a href=\"https:\/\/twitter.com\/thibautcourtois\">Thibaut Courtois<\/a>, <a href=\"https:\/\/twitter.com\/mbatshuayi\">Michy Batshuayi<\/a>, <a href=\"http:\/\/www.transfermarkt.co.uk\/en\/charly-junior-musonda\/profil\/spieler_177862.html\">Charly Junior Musonda (pr\u00eat au Betis S\u00e9ville depuis le premier semestre 2016)<\/a><\/td>\n<td><a href=\"https:\/\/twitter.com\/chelseafc\">Chelseafc @ Twitter<\/a>, <a href=\"http:\/\/shed.chelseafc.com\/shed_fanblogs.shtml\">fanblogs<\/a>, <a href=\"http:\/\/www.weaintgotnohistory.com\/\">We ain&rsquo;t got no history<\/a>, <a href=\"http:\/\/thechels.net\/\">The Chels<\/a>, http:\/\/www.thibautcourtois.com<\/td>\n<\/tr>\n<tr align=\"center\">\n<td><a href=\"http:\/\/www.tottenhamhotspur.com\/\">Tottenham Hotspur<\/a><\/td>\n<td><a href=\"https:\/\/twitter.com\/Jan_Vertonghen\">Jan Vertonghen<\/a>, <a href=\"https:\/\/twitter.com\/AlderweireldTob\">Toby Alderweireld<\/a>, <a href=\"https:\/\/twitter.com\/mousadembele\">Mousa Demb\u00e9l\u00e9<\/a><\/td>\n<td><a href=\"https:\/\/twitter.com\/SpursOfficial\">SpursOfficial @ Twitter<\/a>, <a href=\"http:\/\/www.spurs-web.com\/\">Spurs Web<\/a>, <a href=\"http:\/\/www.cartilagefreecaptain.com\/\">CartilageFC<\/a><\/td>\n<\/tr>\n<tr align=\"center\">\n<td><a href=\"http:\/\/www.evertonfc.com\/\">Everton<\/a><\/td>\n<td><a href=\"http:\/\/fr.wikipedia.org\/wiki\/Kevin_Mirallas\">Kevin Mirallas<\/a>, <a href=\"https:\/\/twitter.com\/RomeluLukaku9\">Romelu Lukaku<\/a>, <a href=\"https:\/\/twitter.com\/henendavid\">David Henen<\/a><\/td>\n<td><a href=\"https:\/\/twitter.com\/Everton\">Everton @ Twitter<\/a>, <a href=\"http:\/\/www.royalbluemersey.com\/\">Royal Blue Mersey<\/a>, <a href=\"http:\/\/www.liverpoolecho.co.uk\/sport\/football\/\">Liverpool Echo<\/a><\/td>\n<\/tr>\n<tr align=\"center\">\n<td><a href=\"http:\/\/www.liverpoolfc.com\/\">Liverpool<\/a><\/td>\n<td><a href=\"https:\/\/twitter.com\/SMignolet\">Simon Mignolet<\/a>, <a href=\"https:\/\/twitter.com\/DivockOrigi\">Divock Origi<\/a><\/td>\n<td><a href=\"https:\/\/twitter.com\/LFC\">LFC @ Twitter<\/a>, <a href=\"http:\/\/www.thisisanfield.com\/\">This is Anfield<\/a>, <a href=\"http:\/\/www.lfconline.com\/\">LFConline<\/a>, <a href=\"http:\/\/www.liverpoolecho.co.uk\/sport\/football\/\">Liverpool Echo<\/a><\/td>\n<\/tr>\n<tr align=\"center\">\n<td><a href=\"https:\/\/www.safc.com\/\">Sunderland AFC<\/a><\/td>\n<td><a href=\"https:\/\/twitter.com\/adnanjanuzaj\">Adnan Januzaj<\/a>, <a href=\"https:\/\/twitter.com\/Jasondenayer\">Jason Denayer<\/a><\/td>\n<td><a href=\"http:\/\/www.sunderlandmad.com\/\">SunderlandMad<\/a><\/td>\n<\/tr>\n<tr align=\"center\">\n<td><a href=\"http:\/\/www.cpfc.co.uk\/\">Crystal Palace FC<\/a><\/td>\n<td><a href=\"https:\/\/twitter.com\/bentekechris20\">Christian Benteke<\/a><\/td>\n<td><\/td>\n<\/tr>\n<tr align=\"center\">\n<td><a href=\"http:\/\/www.wba.co.uk\/\">West Bromwich Albion<\/a><\/td>\n<td><a href=\"https:\/\/twitter.com\/NChadli\">Nacer Chadli<\/a>, <a href=\"http:\/\/fr.wikipedia.org\/wiki\/S%C3%A9bastien_Pocognoli\">S\u00e9bastien Pocognoli<\/a><\/td>\n<td><a href=\"https:\/\/twitter.com\/WBA\">WBA @ Twitter<\/a><\/td>\n<\/tr>\n<tr align=\"center\">\n<td><a href=\"http:\/\/www.burnleyfootballclub.com\/\">Burnley FC<\/a><\/td>\n<td><a href=\"https:\/\/twitter.com\/stevendefour\">Steven Defour<\/a><\/td>\n<td><a href=\"http:\/\/www.fanbase-links.co.uk\/burnley_football_links.html\">Links for Burnley FC News, Forums, Rumours &amp; Transfer Gossip<\/a><\/td>\n<\/tr>\n<tr align=\"center\">\n<td><a href=\"http:\/\/www.watfordfc.com\/\">Watford<\/a><\/td>\n<td><a href=\"https:\/\/fr.wikipedia.org\/wiki\/Christian_Kabasele\">Christian Kabasele<\/a>, <a href=\"https:\/\/twitter.com\/ObbiOulare\">Obbi Oular\u00e9 (en pr\u00eat \u00e0 Zulte en 2016-2017)<\/a>, <a href=\"https:\/\/twitter.com\/SvenKums\">Sven Kums (en pr\u00eat \u00e0 l&rsquo;Udinese en 2016-2017)<\/a><\/td>\n<td><a href=\"https:\/\/twitter.com\/WatfordFC\">Watford @ Twitter<\/a>, <a href=\"http:\/\/www.watford-mad.co.uk\/\">Watford Mad<\/a>, <a href=\"https:\/\/twitter.com\/watfordfcnews\">Watford FC News<\/a><\/td>\n<\/tr>\n<tr align=\"center\">\n<td><a href=\"http:\/\/www.mfc.co.uk\/\">Middlesbrough FC<\/a><\/td>\n<td><a href=\"https:\/\/twitter.com\/officialjdesart\">Julien de Sart<\/a><\/td>\n<td><\/td>\n<\/tr>\n<tr align=\"center\">\n<td><a href=\"http:\/\/www.stokecityfc.com\/\">Stoke City<\/a><\/td>\n<td><a href=\"http:\/\/www.transfermarkt.fr\/julien-ngoy\/profil\/spieler\/286005\">Julien Ngoy<\/a>, <a href=\"https:\/\/twitter.com\/thibaudverlinde\">Thibaud Verlinden<\/a><\/td>\n<td><a href=\"https:\/\/twitter.com\/stokecity\">Stoke City @ Twitter<\/a><\/td>\n<\/tr>\n<tr align=\"center\">\n<td>Italie &#8211; Calcio<\/td>\n<td>\n<p align=\"center\"><a href=\"http:\/\/www.flashresultats.fr\/football\/italie\/serie-a\/classement\/\">Classement<\/a><\/p>\n<\/td>\n<td>\n<p align=\"center\"><a href=\"http:\/\/www.flashresultats.fr\/football\/italie\/serie-a\/\">R\u00e9sultats<\/a><\/p>\n<\/td>\n<\/tr>\n<tr align=\"center\">\n<td><a href=\"http:\/\/www.sscnapoli.it\/\">Napoli<\/a><\/td>\n<td><a href=\"http:\/\/www.driesmertens.be\/\">Dries Mertens<\/a><\/td>\n<td>&#8211;<\/td>\n<\/tr>\n<tr align=\"center\">\n<td><a href=\"http:\/\/www.asroma.it\/\">AS Roma<\/a><\/td>\n<td><a href=\"https:\/\/twitter.com\/OfficialRadja\">Radja Nainggolan<\/a>, <a href=\"https:\/\/twitter.com\/T_Vermaelen05\">Thomas Vermaelen (pr\u00eat du FC Barcelona)<\/a><\/td>\n<td>&#8211;<\/td>\n<\/tr>\n<tr align=\"center\">\n<td><a href=\"http:\/\/www.sslazio.it\/\">Lazio<\/a><\/td>\n<td><a href=\"https:\/\/twitter.com\/j_lukaku94\">Jordan Lukaku<\/a><\/td>\n<td>&#8211;<\/td>\n<\/tr>\n<tr align=\"center\">\n<td><a href=\"https:\/\/twitter.com\/sampdoria\">Sampdoria<\/a><\/td>\n<td><a href=\"https:\/\/twitter.com\/dennispraet\">Dennis Praet<\/a><\/td>\n<td><a href=\"https:\/\/twitter.com\/sampdoria\">Sampdoria @ Twitter<\/a><\/td>\n<\/tr>\n<tr align=\"center\">\n<td><a href=\"http:\/\/www.udinese.it\/\">Udinese<\/a><\/td>\n<td><a href=\"https:\/\/twitter.com\/SvenKums\">Sven Kums (pr\u00eat de Watford)<\/a><\/td>\n<td><a href=\"https:\/\/twitter.com\/Udinese_1896\">Udinese @ Twitter<\/a><\/td>\n<\/tr>\n<tr align=\"center\">\n<td><a href=\"http:\/\/www.fccrotone.it\/\">FC Crotone<\/a><\/td>\n<td><a href=\"https:\/\/twitter.com\/NDussenne\">No\u00eb Dussenne<\/a><\/td>\n<td><a href=\"https:\/\/twitter.com\/FcCrotoneOff\">Crotone @ Twitter<\/a><\/td>\n<\/tr>\n<tr align=\"center\">\n<td><a href=\"http:\/\/www.inter.it\/\">Inter<\/a><\/td>\n<td><a href=\"https:\/\/www.facebook.com\/sennamalik.miangue\">Senna Miangue<\/a><\/td>\n<td>&#8211;<\/td>\n<\/tr>\n<tr align=\"center\">\n<td><a href=\"http:\/\/www.chievoverona.it\/\">A.C. Chievo Verona<\/a><\/td>\n<td><a href=\"https:\/\/twitter.com\/BstnSamuel\">Samuel Bastien<\/a><\/td>\n<td><a href=\"https:\/\/twitter.com\/ACChievoVerona\">Chievo @ Twitter<\/a><\/td>\n<\/tr>\n<tr align=\"center\">\n<td>Espagne &#8211; La Liga<\/td>\n<td>\n<p align=\"center\"><a href=\"http:\/\/www.flashresultats.fr\/football\/espagne\/primera-division\/classement\/\">Classement<\/a><\/p>\n<\/td>\n<td>\n<p align=\"center\"><a href=\"http:\/\/www.flashresultats.fr\/football\/espagne\/primera-division\/\">R\u00e9sultats<\/a><\/p>\n<\/td>\n<\/tr>\n<tr align=\"center\">\n<td><a href=\"http:\/\/www.fcbarcelona.com\/fr\">FC Barcelona<\/a><\/td>\n<td><a href=\"https:\/\/twitter.com\/T_Vermaelen05\">Thomas Vermaelen (en pr\u00eat \u00e0 la Roma en 2016-2017)<\/a><\/td>\n<td>&#8211;<\/td>\n<\/tr>\n<tr align=\"center\">\n<td><a href=\"http:\/\/www.clubatleticodemadrid.com\/\">Club Atl\u00e9tico de Madrid<\/a><\/td>\n<td><a href=\"https:\/\/twitter.com\/CarrascoY21\">Yannick Ferreira Carrasco<\/a><\/td>\n<td>&#8211;<\/td>\n<\/tr>\n<tr align=\"center\">\n<td><a href=\"http:\/\/www.valenciacf.com\/\">Valencia CF<\/a><\/td>\n<td><a href=\"https:\/\/twitter.com\/zakabakkali\">Zakaria Bakkali<\/a><\/td>\n<td>&#8211;<\/td>\n<\/tr>\n<tr align=\"center\">\n<td><a href=\"http:\/\/www.celtavigo.net\/\">Celta de Vigo<\/a><\/td>\n<td><a href=\"https:\/\/twitter.com\/theo_bongonda\">Theo Bongonda<\/a><\/td>\n<td>&#8211;<\/td>\n<\/tr>\n<tr align=\"center\">\n<td><a href=\"http:\/\/www.realbetisbalompie.es\/\">Real Betis Balompi\u00e9<\/a><\/td>\n<td><a href=\"http:\/\/www.transfermarkt.co.uk\/en\/charly-junior-musonda\/profil\/spieler_177862.html\">Charly Junior Musonda (pr\u00eat de Chelsea)<\/a><\/td>\n<td>&#8211;<\/td>\n<\/tr>\n<tr align=\"center\">\n<td>Allemagne &#8211; Bundesliga<\/td>\n<td>\n<p align=\"center\"><a href=\"http:\/\/www.bundesliga.com\/en\/stats\/table\/\">Classement<\/a><\/p>\n<\/td>\n<td>\n<p align=\"center\"><a href=\"http:\/\/www.bundesliga.com\/en\/stats\/matchday\/\">R\u00e9sultats<\/a> &#8211; <a href=\"http:\/\/www.bundesliga.com\/en\/stats\/\">Stats<\/a><\/p>\n<\/td>\n<\/tr>\n<tr align=\"center\">\n<td><a href=\"https:\/\/www.vfl-wolfsburg.de\/\">Wolfsburg<\/a><\/td>\n<td><a href=\"https:\/\/twitter.com\/koencasteels\">Koen Casteels<\/a>, <a href=\"http:\/\/www.transfermarkt.co.uk\/ismail-azzaoui\/profil\/spieler\/289507\">Ismail Azzaoui<\/a><\/td>\n<td>http:\/\/www.koencasteels.be\/ &#8211;<\/td>\n<\/tr>\n<tr align=\"center\">\n<td><a href=\"http:\/\/www.borussia.de\/\">Borussia M\u00f6nchengladbach<\/a><\/td>\n<td><a href=\"https:\/\/twitter.com\/HazardThorgan8\">Thorgan Hazard<\/a><\/td>\n<td>&#8211;<\/td>\n<\/tr>\n<tr align=\"center\">\n<td>Russie &#8211; Premier League<\/td>\n<td>\n<p align=\"center\"><a href=\"http:\/\/www.flashresultats.fr\/football\/russie\/premier-league\/classement\/\">Classement<\/a><\/p>\n<\/td>\n<td>\n<p align=\"center\"><a href=\"http:\/\/www.flashresultats.fr\/football\/russie\/premier-league\/\">R\u00e9sultats<\/a><\/p>\n<\/td>\n<\/tr>\n<tr align=\"center\">\n<td><a href=\"http:\/\/www.fc-zenit.ru\/\">Zenit<\/a><\/td>\n<td><a href=\"https:\/\/twitter.com\/AWitselOfficiel\">Axel Witsel<\/a>, <a href=\"http:\/\/nl.wikipedia.org\/wiki\/Nicolas_Lombaerts\">Nicolas Lombaerts<\/a><\/td>\n<td>http:\/\/www.axelwitsel.com\/<\/td>\n<\/tr>\n<tr align=\"center\">\n<td><a href=\"http:\/\/www.rubin-kazan.ru\/\">FK Rubin Kazan<\/a><\/td>\n<td><a href=\"http:\/\/fr.wikipedia.org\/wiki\/Maxime_Lestienne\">Maxime Lestienne<\/a><\/td>\n<td>&#8211;<\/td>\n<\/tr>\n<tr align=\"center\">\n<td>France &#8211; Ligue 1<\/td>\n<td>\n<p align=\"center\"><a href=\"http:\/\/www.flashresultats.fr\/football\/france\/ligue-1\/classement\/\">Classement<\/a><\/p>\n<\/td>\n<td>\n<p align=\"center\"><a href=\"http:\/\/www.flashresultats.fr\/football\/france\/ligue-1\/\">R\u00e9sultats<\/a><\/p>\n<\/td>\n<\/tr>\n<tr align=\"center\">\n<td><a href=\"http:\/\/www.psg.fr\/\">PSG<\/a><\/td>\n<td><a href=\"https:\/\/twitter.com\/thommills\">Thomas Meunier<\/a><\/td>\n<td><a href=\"https:\/\/twitter.com\/PSG_inside\">PSG @ Twitter<\/a><\/td>\n<\/tr>\n<tr align=\"center\">\n<td><a href=\"http:\/\/www.mhscfoot.com\/\">Montpellier H\u00e9rault Sport Club<\/a><\/td>\n<td><a href=\"https:\/\/fr.wikipedia.org\/wiki\/Anthony_Vanden_Borre\">Anthony Vanden Borre<\/a><\/td>\n<td><a href=\"https:\/\/twitter.com\/MontpellierHSC\">MHSC @ Twitter<\/a><\/td>\n<\/tr>\n<tr align=\"center\">\n<td><a href=\"http:\/\/www.om.net\/\">Olympique de Marseille<\/a><\/td>\n<td><a href=\"https:\/\/twitter.com\/isekaleya\">Aaron Leya Iseka (pr\u00eat d&rsquo;Anderlecht)<\/a><\/td>\n<td>&#8211;<\/td>\n<\/tr>\n<tr align=\"center\">\n<td><a href=\"http:\/\/www.eaguingamp.com\/\">EA Guingamp<\/a><\/td>\n<td><a href=\"https:\/\/twitter.com\/nilldepauw\">Nill De Pauw<\/a><\/td>\n<td><a href=\"https:\/\/twitter.com\/EAGuingamp\">Guingamp @ Twitter<\/a> &#8211;<\/td>\n<\/tr>\n<tr align=\"center\">\n<td><a href=\"http:\/\/www.ogcnice.com\/\">OGC Nice<\/a><\/td>\n<td><a href=\"http:\/\/nl.wikipedia.org\/wiki\/Julien_Vercauteren\">Julien Vercauteren<\/a><\/td>\n<td>&#8211;<\/td>\n<\/tr>\n<tr align=\"center\">\n<td>Pologne &#8211; Ekstraklasa<\/td>\n<td>\n<p align=\"center\"><a href=\"http:\/\/www.flashresultats.fr\/football\/pologne\/ekstraklasa\/classement\/\">Classement<\/a><\/p>\n<\/td>\n<td>\n<p align=\"center\"><a href=\"http:\/\/www.flashresultats.fr\/football\/pologne\/ekstraklasa\/\">R\u00e9sultats<\/a><\/p>\n<\/td>\n<\/tr>\n<tr align=\"center\">\n<td><a href=\"http:\/\/legia.com\/en\">Legia Warszawa<\/a><\/td>\n<td><a href=\"https:\/\/twitter.com\/vadisofficial\">Vadis Odjidja Ofoe<\/a><\/td>\n<td>https:\/\/twitter.com\/LegiaWarsawEN<\/td>\n<\/tr>\n<tr align=\"center\">\n<td>Pays-Bas &#8211; Eredivisie<\/td>\n<td>\n<p align=\"center\"><a href=\"http:\/\/www.flashresultats.fr\/football\/pays-bas\/eredivisie\/classement\/\">Classement<\/a><\/p>\n<\/td>\n<td>\n<p align=\"center\"><a href=\"http:\/\/www.flashresultats.fr\/football\/pays-bas\/eredivisie\/\">R\u00e9sultats<\/a><\/p>\n<\/td>\n<\/tr>\n<tr align=\"center\">\n<td><a href=\"http:\/\/www.az.nl\/\">AZ Alkmaar<\/a><\/td>\n<td><a href=\"https:\/\/fr.wikipedia.org\/wiki\/Stijn_Wuytens\">Stijn Wuytens<\/a><\/td>\n<td>&#8211;<\/td>\n<\/tr>\n<tr align=\"center\">\n<td><a href=\"http:\/\/www.fortunasittard.nl\/\">Fortuna Sittard<\/a><\/td>\n<td><a href=\"http:\/\/nl.wikipedia.org\/wiki\/Muhammed_Mert\">Muhammed Mert<\/a><\/td>\n<td>&#8211;<\/td>\n<\/tr>\n<tr>\n<td>Portugal &#8211; Super Liga<\/td>\n<td>\n<p align=\"center\"><a href=\"http:\/\/www.ligaportugal.pt\/\">Classement<\/a><\/p>\n<\/td>\n<td><\/td>\n<\/tr>\n<tr align=\"center\">\n<td><a href=\"http:\/\/www.fcporto.pt\/en\/Pages\/fc-porto.aspx\">FC Porto<\/a><\/td>\n<td><a href=\"https:\/\/twitter.com\/laudepoitre\">Laurent Depoitre<\/a><\/td>\n<td>&#8211;<\/td>\n<\/tr>\n<tr align=\"center\">\n<td><a href=\"http:\/\/www.rioavefc.pt\/\">Rio Ave<\/a><\/td>\n<td><a href=\"https:\/\/twitter.com\/JorisKayembe\">Joris Kayembe (pr\u00eat du FC Porto)<\/a><\/td>\n<td>&#8211;<\/td>\n<\/tr>\n<tr>\n<td>Ecosse &#8211; Scottish Premiership<\/td>\n<td>\n<p align=\"center\"><a href=\"http:\/\/spfl.co.uk\/premiership\/table\/\">Classement<\/a><\/p>\n<\/td>\n<td>\n<p align=\"center\"><a href=\"http:\/\/spfl.co.uk\/premiership\/results\/\">R\u00e9sultats<\/a><\/p>\n<\/td>\n<\/tr>\n<tr align=\"center\">\n<td><a href=\"http:\/\/www.celticfc.net\/\">Celtic Glasgow<\/a><\/td>\n<td><a href=\"http:\/\/fr.wikipedia.org\/wiki\/Dedryck_Boyata\">Dedryck Boyata<\/a><\/td>\n<td><\/td>\n<\/tr>\n<tr>\n<td>Suisse &#8211; Raiffeisen Super League (RSL)<\/td>\n<td>\n<p align=\"center\"><a href=\"http:\/\/www.sfl.ch\/fr\/superleague\/matchcenter\/\">Classement<\/a><\/p>\n<\/td>\n<td>\n<p align=\"center\"><a href=\"http:\/\/www.sfl.ch\/fr\/superleague\/infographie\/\">R\u00e9sultats<\/a><\/p>\n<\/td>\n<\/tr>\n<tr align=\"center\">\n<td><a href=\"http:\/\/www.fc-sion.ch\/\">FC Sion<\/a><\/td>\n<td><a href=\"https:\/\/www.facebook.com\/pelemboyo9\/\">Pel\u00e9 Mboyo<\/a>, <a href=\"https:\/\/twitter.com\/BiaMujangi63\">Geoffrey Mujangi Bia<\/a><\/td>\n<td>FC Sion @ Twitter<\/td>\n<\/tr>\n<tr>\n<td>Turquie &#8211; Spor Toto S\u00fcper Lig<\/td>\n<td>\n<p align=\"center\"><a href=\"http:\/\/www.tff.org\/Default.aspx?pageId=198\">Classement<\/a><\/p>\n<\/td>\n<td>\n<p align=\"center\"><a href=\"http:\/\/www.ntvspor.net\/futbol\/lig\/spor-toto-super-lig\/fikstur\">R\u00e9sultats<\/a><\/p>\n<\/td>\n<\/tr>\n<tr align=\"center\">\n<td><a href=\"http:\/\/www.galatasaray.org\/\">Galatasaray<\/a><\/td>\n<td><a href=\"https:\/\/twitter.com\/LSP39\">Luis Pedro Cavanda<\/a><\/td>\n<td>&#8211;<\/td>\n<\/tr>\n<tr align=\"center\">\n<td><a href=\"http:\/\/www.antalyaspor.com.tr\/\">Antalyaspor<\/a><\/td>\n<td><a href=\"https:\/\/twitter.com\/danilosousa1990\">Danilo Sousa Campos<\/a><\/td>\n<td>&#8211;<\/td>\n<\/tr>\n<\/tbody>\n<\/table>\n<p>Sites officiels: http:\/\/www.belgianfootball.be\/fr\/homepage &#8211; http:\/\/www.1895.be\/<br \/>\nComptes officiels: https:\/\/twitter.com\/Belgianfootball &#8211; https:\/\/twitter.com\/WilmotsMarc &#8211; https:\/\/twitter.com\/Fanclub1895 &#8211; https:\/\/www.facebook.com\/BelgianRedDevils<br \/>\nSites &amp; comptes d\u00e9di\u00e9s: <a href=\"http:\/\/fr.wikipedia.org\/wiki\/%C3%89quipe_de_Belgique_de_football\">@Wikipedia<\/a>&#8211; <a href=\"http:\/\/mag.rdzn.be\/\">Magazine Red Zone<\/a><br \/>\n&#8211; https:\/\/twitter.com\/RodeDuivels (non officiel)<\/p>\n<p>Clubs du top belge (avec belges \ud83d\ude09<\/p>\n<p><a href=\"http:\/\/www.rsca.be\/\">RSCA<\/a> &#8211; <a href=\"http:\/\/www.clubbrugge.be\/\">Club Brugge<\/a> &#8211; <a href=\"http:\/\/www.standard.be\/\">Standard<\/a> &#8211; <a href=\"http:\/\/www.kaagent.be\/\">KAA Gent<\/a> &#8211; <a href=\"http:\/\/www.krcgenk.be\/\">KRC Genk<\/a><\/p>\n<p>Clubs du top europ\u00e9en (sans belges \ud83d\ude42<\/p>\n<p><a href=\"http:\/\/www.realmadrid.com\/\">Real Madrid<\/a><br \/>\n<a href=\"http:\/\/www.juventus.com\/\">Juventus<\/a> &#8211; <a href=\"http:\/\/www.acmilan.com\/\">AC Milan<\/a><br \/>\n<a href=\"http:\/\/www.fcbayern.de\/en\/\">Bayern<\/a> &#8211; <a href=\"http:\/\/www.bvb.de\/\">Borussia Dortmund<\/a><br \/>\n<a href=\"http:\/\/www.om.net\/\">Olympique de Marseille<\/a><\/p>\n<p>Autres sites:<\/p>\n<p>http:\/\/int.soccerway.com\/<br \/>\nhttp:\/\/www.footballdatabase.eu\/<br \/>\nhttp:\/\/www.soccernews.com\/<br \/>\nhttp:\/\/www.insidefutbol.com\/<br \/>\nhttp:\/\/www.newsnow.co.uk\/h\/Sport\/Football<\/p>\n<p>http:\/\/www.belgianfootball.be\/fr\/liens<\/p>\n<p>Pour m\u00e9moire:<\/p>\n<p><a href=\"http:\/\/www.nufc.co.uk\/\">Newcastle :<\/a> <a href=\"https:\/\/twitter.com\/MatzSels\">Matz Sels<\/a> &#8211; <a href=\"https:\/\/www.avfc.co.uk\/\">Aston Villa FC :<\/a> <a href=\"http:\/\/fr.wikipedia.org\/wiki\/Ritchie_De_Laet\">Ritchie De Laet<\/a> &#8211; <a href=\"http:\/\/www.fulhamfc.com\/\">Fulham :<\/a> <a href=\"https:\/\/fr.wikipedia.org\/wiki\/Denis_Odoi\">Denis Odoi<\/a> &#8211; <a href=\"http:\/\/www.f95.de\/\">Fortuna D\u00fcsseldorf :<\/a> <a href=\"http:\/\/www.transfermarkt.com\/maecky-ngombo\/profil\/spieler\/403839\">Maecky Ngombo<\/a> &#8211; <a href=\"http:\/\/www.eskisehirspor.org.tr\/\">Eskisehirspor :<\/a> <a href=\"https:\/\/instagram.com\/boffin25\/\">Ruud Boffin<\/a> &#8211; <a href=\"http:\/\/www.staderennais.com\/\">Stade rennais :<\/a> <a href=\"http:\/\/fr.wikipedia.org\/wiki\/Christian_Br%C3%BCls\">Christian Br\u00fcls (en pr\u00eat au Standard de Li\u00e8ge)<\/a> &#8211; <a href=\"http:\/\/www.apoelfc.com.cy\/\">APOEL FC :<\/a> <a href=\"https:\/\/nl.wikipedia.org\/wiki\/Igor_de_Camargo\">Igor de Camargo<\/a> &#8211; <a href=\"http:\/\/eng.kc-camapa.ru\/\">PFC Krylia Sovetov Samara :<\/a> <a href=\"http:\/\/fr.wikipedia.org\/wiki\/Gianni_Bruno\">Gianni Bruno (pr\u00eat d&rsquo;\u00c9vian Thonon Gaillard &#8211; n&rsquo;a pas officiellement d\u00e9cid\u00e9 entre nationalit\u00e9 belge et italienne)<\/a> &#8211;<\/p>\n","protected":false},"excerpt":{"rendered":"<p>Situation en 2016 Tous les scores en live: http:\/\/www.livescore.com\/ (Plus direct) http:\/\/www.flashresultats.fr\/ &#8211; http:\/\/www.footendirect.com\/ (Plus d&rsquo;info) Football &#8211; tous les &hellip; <a href=\"https:\/\/seempleetoo.be\/aware\/index.php\/football\/\" class=\"more-link\">Continue reading <span class=\"screen-reader-text\">Football<\/span><\/a><\/p>\n","protected":false},"author":2,"featured_media":0,"parent":0,"menu_order":0,"comment_status":"closed","ping_status":"closed","template":"","meta":{"footnotes":""},"class_list":["post-26","page","type-page","status-publish","hentry"],"_links":{"self":[{"href":"https:\/\/seempleetoo.be\/aware\/index.php\/wp-json\/wp\/v2\/pages\/26","targetHints":{"allow":["GET"]}}],"collection":[{"href":"https:\/\/seempleetoo.be\/aware\/index.php\/wp-json\/wp\/v2\/pages"}],"about":[{"href":"https:\/\/seempleetoo.be\/aware\/index.php\/wp-json\/wp\/v2\/types\/page"}],"author":[{"embeddable":true,"href":"https:\/\/seempleetoo.be\/aware\/index.php\/wp-json\/wp\/v2\/users\/2"}],"replies":[{"embeddable":true,"href":"https:\/\/seempleetoo.be\/aware\/index.php\/wp-json\/wp\/v2\/comments?post=26"}],"version-history":[{"count":1,"href":"https:\/\/seempleetoo.be\/aware\/index.php\/wp-json\/wp\/v2\/pages\/26\/revisions"}],"predecessor-version":[{"id":55,"href":"https:\/\/seempleetoo.be\/aware\/index.php\/wp-json\/wp\/v2\/pages\/26\/revisions\/55"}],"wp:attachment":[{"href":"https:\/\/seempleetoo.be\/aware\/index.php\/wp-json\/wp\/v2\/media?parent=26"}],"curies":[{"name":"wp","href":"https:\/\/api.w.org\/{rel}","templated":true}]}}